ens digit of 4392?
9
What is the hundreds digit of 782?
7
What is the tens digit of 270?
7
What is the ten thousands digit of 12122?
1
What is the hundreds digit of 1088?
0
What is the units digit of 65081?
1
What is the units digit of 3840?
0
What is the tens digit of 3958?
5
What is the thousands digit of 1161?
1
What is the hundreds digit of 5286?
2
What is the tens digit of 6086?
8
What is the hundreds digit of 121?
1
What is the tens digit of 36591?
9
What is the hundreds digit of 12743?
7
What is the units digit of 3054?
4
What is the tens digit of 4982?
8
What is the units digit of 24701?
1
What is the units digit of 1?
1
What is the tens digit of 63881?
8
What is the thousands digit of 80472?
0
What is the thousands digit of 61041?
1
What is the hundreds digit of 16518?
5
What is the hundreds digit of 21361?
3
What is the thousands digit of 9101?
9
What is the hundreds digit of 3788?
7
What is the units digit of 39937?
7
What is the hundreds digit of 2344?
3
What is the units digit of 7222?
2
What is the thousands digit of 6792?
6
What is the thousands digit of 19744?
9
What is the ten thousands digit of 10713?
1
What is the hundreds digit of 26373?
3
What is the units digit of 2387?
7
What is the units digit of 134072?
2
What is the tens digit of 2352?
5
What is the hundreds digit of 1228?
2
What is the units digit of 40943?
3
What is the thousands digit of 2975?
2
What is the thousands digit of 3154?
3
What is the units digit of 3359?
9
What is the ten thousands digit of 29111?
2
What is the hundreds digit of 448?
4
What is the units digit of 1215?
5
What is the tens digit of 26857?
5
What is the units digit of 159?
9
What is the hundreds digit of 2470?
4
What is the units digit of 6703?
3
What is the ten thousands digit of 15651?
1
What is the tens digit of 915?
1
What is the hundreds digit of 1310?
3
What is the ten thousands digit of 29611?
2
What is the thousands digit of 94798?
4
What is the thousands digit of 78593?
8
What is the tens digit of 128157?
5
What is the hundreds digit of 54240?
2
What is the tens digit of 31076?
7
What is the hundreds digit of 38507?
5
What is the thousands digit of 15829?
5
What is the units digit of 325?
5
What is the thousands digit of 2504?
2
What is the tens digit of 41147?
4
What is the thousands digit of 12031?
2
What is the hundreds digit of 936?
9
What is the units digit of 317?
7
What is the units digit of 3442?
2
What is the tens digit of 221?
2
What is the ten thousands digit of 11077?
1
What is the tens digit of 1358?
5
What is the ten thousands digit of 31253?
3
What is the hundreds digit of 2994?
9
What is the thousands digit of 120344?
0
What is the tens digit of 5994?
9
What is the tens digit of 544?
4
What is the hundred thousands digit of 157799?
1
What is the thousands digit of 1747?
1
What is the tens digit of 76660?
6
What is the tens digit of 2304?
0
What is the hundreds digit of 224?
2
What is the hundreds digit of 738?
7
What is the units digit of 7378?
8
What is the units digit of 694?
4
What is the tens digit of 1178?
7
What is the hundreds digit of 5690?
6
What is the ten thousands digit of 78072?
7
What is the tens digit of 16879?
7
What is the units digit of 541?
1
What is the thousands digit of 14727?
4
What is the tens digit of 2109?
0
What is the thousands digit of 23661?
3
What is the hundreds digit of 3142?
1
What is the ten thousands digit of 37032?
3
What is the tens digit of 3036?
3
What is the hundreds digit of 296?
2
What is the units digit of 3279?
9
What is the ten thousands digit of 93601?
9
What is the tens digit of 14930?
3
What is the hundreds digit of 2253?
2
What is the hundreds digit of 2243?
2
What is the thousands digit of 27493?
7
What is the ten thousands digit of 27122?
2
What is the tens digit of 789?
8
What is the tens digit of 17031?
3
What is the units digit of 37803?
3
What is the thousands digit of 28574?
8
What is the thousands digit of 164447?
4
What is the thousands digit of 2481?
2
What is the ten thousands digit of 23539?
2
What is the units digit of 18578?
8
What is the hundreds digit of 1858?
8
What is the hundreds digit of 7521?
5
What is the units digit of 930?
0
What is the thousands digit of 1812?
1
What is the units digit of 5221?
1
What is the units digit of 670?
0
What is the units digit of 1072?
2
What is the tens digit of 2006?
0
What is the tens digit of 43808?
0
What is the ten thousands digit of 51010?
5
What is the ten thousands digit of 10989?
1
What is the tens digit of 14446?
4
What is the tens digit of 1218?
1
What is the thousands digit of 4496?
4
What is the thousands digit of 2403?
2
What is the thousands digit of 5053?
5
What is the hundreds digit of 1601?
6
What is the thousands digit of 28536?
8
What is the thousands digit of 11960?
1
What is the tens digit of 76275?
7
What is the thousands digit of 2643?
2
What is the thousands digit of 5652?
5
What is the units digit of 107694?
4
What is the thousands digit of 5369?
5
What is the ten thousands digit of 17546?
1
What is the hundreds digit of 71577?
5
What is the thousands digit of 10012?
0
What is the thousands digit of 24216?
4
What is the hundreds digit of 10272?
2
What is the hundreds digit of 17668?
6
What is the thousands digit of 3081?
3
What is the tens digit of 3290?
9
What is the thousands digit of 2438?
2
What is the thousands digit of 1597?
1
What is the units digit of 4239?
9
What is the tens digit of 1260?
6
What is the thousands digit of 1318?
1
What is the hundreds digit of 81579?
5
What is the hundreds digit of 3275?
2
What is the units digit of 4628?
8
What is the thousands digit of 12381?
2
What is the hundreds digit of 1651?
6
What is the units digit of 886?
6
What is the thousands digit of 104298?
4
What is the units digit of 30904?
4
What is the tens digit of 29?
2
What is the ten thousands digit of 67680?
6
What is the units digit of 112811?
1
What is the units digit of 610?
0
What is the tens digit of 2313?
1
What is the hundreds digit of 774?
7
What is the ten thousands digit of 105516?
0
What is the thousands digit of 14916?
4
What is the units digit of 69?
9
What is the ten thousands digit of 37603?
3
What is the tens digit of 2904?
0
What is the tens digit of 3686?
8
What is the units digit of 9210?
0
What is the units digit of 320?
0
What is the tens digit of 407?
0
What is the units digit of 206?
6
What is the hundreds digit of 5458?
4
What is the thousands digit of 1195?
1
What is the units digit of 73?
3
What is the thousands digit of 1461?
1
What is the ten thousands digit of 15346?
1
What is the thousands digit of 2562?
2
What is the thousands digit of 20808?
0
What is the hundreds digit of 8985?
9
What is the tens digit of 12715?
1
What is the units digit of 18686?
6
What is the units digit of 145?
5
What is the hundreds digit of 52550?
5
What is the hundreds digit of 50260?
2
What is the ten thousands digit of 41845?
4
What is the thousands digit of 116934?
6
What is the ten thousands digit of 44563?
4
What is the thousands digit of 42360?
2
What is the thousands digit of 1264?
1
What is the thousands digit of 26970?
6
What is the units digit of 31246?
6
What is the hundreds digit of 126?
1
What is the thousands digit of 21754?
1
What is the tens digit of 731?
3
What is the thousands digit of 1218?
1
What is the hundreds digit of 5359?
3
What is the hundreds digit of 19666?
6
What is the hundreds digit of 192?
1
What is the tens digit of 1167?
6
What is the units digit of 4338?
8
What is the thousands digit of 6979?
6
What is the tens digit of 553?
5
What is the thousands digit of 118001?
8
What is the thousands digit of 9334?
9
What is the units digit of 2826?
6
What is the tens digit of 9846?
4
What is the units digit of 13416?
6
What is the tens digit of 4884?
8
What is the units digit of 141289?
9
What is the hundreds digit of 413?
4
What is the thousands digit of 1352?
1
What is the ten thousands digit of 75902?
7
What is the units digit of 8115?
5
What is the thousands digit of 4184?
4
What is the tens digit of 87861?
6
What is the hundreds digit of 2839?
8
What is the units digit of 4949?
9
What is the units digit of 55873?
3
What is the units digit of 4729?
9
What is the thousands digit of 3868?
3
What is the ten